 = 20. Let c(w) = -5*w**3 + 7*w**2 - w + 4. Let k(q) = 9*q**3 - 13*q**2 + q - 7. Suppose 5*o + 16 = o. Let d(i) = o*k(i) - 7*c(i). Give d(p).
-4
Suppose 4 = y - 2. Let c(d) = 1. Let w(m) = -2*m + 8. Let u(o) = c(o) + w(o). Calculate u(y).
-3
Let u(h) = h**2 - 9*h + 6. Suppose -2*a + 4*r = -8, 4*a = -3*r + r + 26. Calculate u(a).
-12
Let p(x) = x + 0 - 1 - 1. Suppose t = -2*h - 2*t + 8, 0 = 2*h - 3*t - 8. Calculate p(h).
2
Suppose 0 = 3*i - 2*f + 18, 10 = -2*i + 3*f - 7. Let n(b) = -b**3 - 2*b**2 + 4*b - 4. Calculate n(i).
12
Let f(d) be the third derivative of d**4/24 - d**3/6 + 5*d**2. Give f(1).
0
Let r be (8 - 4) + 0 - 0. Let j be 1/((-4 - 0)/r). Let l(g) = 2*g**3 - g - 1. Give l(j).
-2
Let w(v) = 3*v + 5. Suppose 4*m + 7 = 4*u - 1, -4*m = 3*u + 22. Calculate w(m).
-7
Let r(n) = n**2 + 4*n + 5. Suppose -h + 14 = -3*h + 4*v, -2*h + v + 1 = 0. Let t = h + -7. Let a = t - 0. Give r(a).
5
Let o = 10 - 8. Suppose -o*x = -4*x - 10. Let s(b) = 7*b + 2. Let m(j) = j. Let v(a) = -6*m(a) + s(a). What is v(x)?
-3
Let w(d) be the first derivative of 5*d**4/24 + d**3/2 + d**2 + 8. Let p(t) be the second derivative of w(t). What is p(-2)?
-7
Let i(o) = 3*o**3 + 12*o**2 - 9*o + 3. Let c(h) = -2*h**3 - 6*h**2 + 5*h - 1. Let z(s) = -5*c(s) - 3*i(s). Give z(6).
8
Let k(d) = -4*d**2 + 6*d + 8. Let s(v) = 5*v**2 - 5*v - 8. Let c(u) = 4*k(u) + 3*s(u). What is c(9)?
8
Let u(j) = 4*j - 2. Let p be u(3). Suppose y + p = 2*h, 3*y + 22 = 3*h + h. Let a(z) = z - 2*z + 2*z - 5*z - 2. Determine a(y).
6
Let p(d) = d**2 - 2*d. Let u = 7 + -6. What is p(u)?
-1
Let z(j) = -2*j**3 - 2*j**2 + 5*j - 3. Let c(t) = -6*t**3 - 3*t**2 + 11*t - 7. Let a(l) = -2*c(l) + 5*z(l). Calculate a(2).
5
Let h(x) = x - 1. Let j(w) = -w + 27. Let a be j(12). Let m = -15 + a. What is h(m)?
-1
Let a(v) be the third derivative of 1/2*v**3 + 0*v + 0 - 3*v**2 - 1/12*v**4. Determine a(4).
-5
Let n(k) = -45*k + 90*k - 8 - 46*k. Suppose 3*z - 1 = -16. Give n(z).
-3
Let k(h) = h**2 + 7*h + 4. Let y(a) = 6*a + 1. Suppose 0 = -z, -5*z + 3*z = 2*t - 4. Suppose 4*m = 12, -t*p - 2*m + 2 + 2 = 0. Let w be y(p). Calculate k(w).
-6
Let j(a) = a + a**2 - a**3 - 1 + a**2 + a**2 - 5*a**2. Let q = 1 + -3. What is j(q)?
-3
Let z = 11 + -8. Let a(l) = -7*l + 1. Let f(q) = -6*q + 2. Let c(m) = z*a(m) - 4*f(m). Let y(w) = 2*w - 3. Let n(r) = 3*c(r) - 5*y(r). Calculate n(1).
-1
Let a = -6 + 13/2. Let u(q) be the first derivative of 0*q - 1/3*q**3 - 2 - a*q**2. Give u(-3).
-6
Let b(h) = -491*h + 1 - 18 + 490*h. What is b(-10)?
-7
Let j(a) = 5*a**2 - a - 1. Let r(h) = h**2 - h - 1. Let t(n) = j(n) - 6*r(n). Give t(5).
5
Let v(h) = h**2 + 5*h + 4. Let z(x) = x**3 - 2*x**2 + x. Let j be z(2). Suppose 0*b + j*b = -6. Determine v(b).
-2
Let n = -74 - -69. Let f(l) = -l**2 - 7*l - 5. Calculate f(n).
5
Let i(s) = -5*s - 2. Let p be i(-1). Let c(v) be the second derivative of 2*v + 0*v**p - 1/2*v**4 + 0 + 1/2*v**2. Determine c(1).
-5
Let i(k) be the first derivative of k**4/4 + 4*k**3/3 - 3*k**2 + 3*k - 2. What is i(-5)?
8
Suppose 2*v - 2*h - 4 = -5*h, 5*h + 20 = 0. Let x = 4 - v. Let w(q) = q**3 + 0*q + 3*q**2 + q**2 - 3 - 2*q. Determine w(x).
5
Let b(w) = -w + 6. Let r(f) = -2*f + 12. Let u(y) = -11*b(y) + 6*r(y). Suppose -6*p + 3*p = 0. Give u(p).
6
Let q(w) = -2*w**2 - w - 1. Suppose r - 16 = -2*a, -2*a - 80 = -5*r + a. Suppose -3*m - r = -1, -4*z = 2*m + 6. Let f = z - 3. Determine q(f).
-7
Let u(z) = -z**3 + z**2 - 5. Let t be (-2)/(-3) + 40/12. Let w be t/26 + 6/(-39). Determine u(w).
-5
Suppose y + 5 = 5*a, -27 = a - 4*y - 9. Let b(g) = -4*g**3 + 3*g**2 + 7*g + 12. Let i(m) = m**3 - m**2 - 2*m - 4. Let u(o) = a*b(o) + 7*i(o). Determine u(0).
-4
Let f(a) be the second derivative of 0*a**4 + 0 + 1/20*a**5 - 1/2*a**2 - a + 1/6*a**3. Determine f(0).
-1
Let c(l) be the second derivative of l**5/20 + l**4/6 + 2*l**3/3 + l**2/2 + 21*l. Calculate c(-3).
-20
Let m(u) = u - 2. Let f be m(-3). Let y(r) be the third derivative of r**4/12 + r**3/6 + 2*r**2. Calculate y(f).
-9
Let s(w) = -w - 1. Let x(p) = 5*p + 9. Let j(f) = -6*s(f) - x(f). Let r be j(4). Let g(k) = -k + r - 4 - 2. Give g(-5).
0
Let m(b) be the third derivative of -b**7/5040 - b**6/180 - b**5/60 - b**2. Let s(h) be the third derivative of m(h). What is s(0)?
-4
Let g(q) = -q**3 - 5*q**2 + q. Let o be g(-5). Let f(i) = 5 + 4*i + 3*i - 5*i. Determine f(o).
-5
Suppose 3*w + 0 = 3. Let x(p) = 10*p + 2. Let u(s) = -s**2 + 2. Let h be u(2). Let a(m) = -120*m - 25. Let k(d) = h*a(d) - 25*x(d). Calculate k(w).
-10
Let o(h) = h - 1. Let w(i) = 2*i - 5. Let x(f) = 4*o(f) - w(f). Let v(y) = 5*y**3 + y**2 - y - 1. Let n be v(-1). Let b = n + 8. What is x(b)?
9
Let b be 18/10 + 2/10. Let a be 0 - (b + -1 + -1). Let l(q) = q + 2. What is l(a)?
2
Let q(m) = -m**3 - 3*m**2 + 4*m - 5. Suppose -9*g = -12*g + 36. Suppose 0 + g = -3*r. Give q(r).
-5
Let a(o) = 3*o**3 + 25*o**2 + 19*o + 7. Suppose 0*q + 5*q = -10. Let h(f) = f**3 + 8*f**2 + 6*f + 2. Let y(p) = q*a(p) + 7*h(p). Determine y(-5).
5
Let p(l) = 36 + 41 - 78 + 7*l**2. Determine p(-1).
6
Let o be (-16)/(-2)*10/4. Let u be (7/(-14))/(2/o). Let s(z) = -z - 6. Determine s(u).
-1
Let o(a) = -5*a + 19. Let n(h) = -h + 1. Let l(r) = 4*n(r) - o(r). What is l(14)?
-1
Let n(w) = 93*w - 47*w - 2 - 43*w. What is n(-2)?
-8
Suppose -5*v + 0*v = -25. Let h(g) = -g**3 + 6*g**2 - 5*g + 7. What is h(v)?
7
Let l(x) = 2*x**2 - 15*x - 11. Let y be l(8). Let z(r) = -r**3 + 3*r - 2. What is z(y)?
16
Let h(a) = 3*a**2 - 10*a - 6. Let k(r) = -8*r**2 + 29*r + 18. Let j(b) = -11*h(b) - 4*k(b). What is j(-6)?
-6
Let f(c) = 2 - 6*c - c**2 + c + 0*c. Let z(y) = 3*y - 8. Let l be z(7). Let d = 9 - l. Give f(d).
6
Let d(t) = -7*t**3 + 12*t**2 + 7*t - 6. Let q(c) = 3*c**3 - 6*c**2 - 3*c + 3. Let z(m) = 4*d(m) + 9*q(m). Let y be z(-6). Let v(r) = r**2 + r + 1. What is v(y)?
7
Let g(i) = -7*i**2 - 2*i - 1. Let u = -5 + 4. Calculate g(u).
-6
Suppose 6*f - 9 = 3*f. Let r(i) = 2*i + 3. Let y(b) = b + 3. Let o(g) = f*y(g) - 2*r(g). Determine o(3).
0
Let r(z) = -z + 2*z + 0*z. Suppose -4*q + 21 + 3 = 0. Calculate r(q).
6
Let x(h) = -h**3 - 3*h**2 + h + 4. Suppose -3*r - r - 16 = 0. Calculate x(r).
16
Let a(k) = -k**2 - 4*k - 3. Let x(m) = -m**2 + 12*m - 7. Let h be x(11). Suppose 7*t = 6*t - h. Calculate a(t).
-3
Suppose -2*q - 2*q = -24. Let w(x) be the first derivative of -x**2/2 + 10*x + 7. Calculate w(q).
4
Let b(n) = n**3 - 6*n**2 + 6*n - 5. Let c be ((-25)/15)/((-2)/(-6)). Let w = 0 - c. Calculate b(w).
0
Let f(m) = -2*m - 4. Let l(q) be the second derivative of -q**4/12 - q**3 - 5*q**2/2 + 3*q. Let t be l(-6). Determine f(t).
6
Suppose 6 + 3 = 3*v. Let q(s) = 3*s**v - 8*s**3 - s**2 - 1 + 0*s**2 - s - 3*s**3. Let m be (-6)/(-4)*(-4)/6. Calculate q(m).
7
Let z(q) = 3*q + q**2 + 3*q - 12 + 8. Calculate z(-7).
3
Suppose -5*h = -h + 8. Let v be (-6 - -4) + h*2. Let m(q) = q + 8. Determine m(v).
2
Suppose 0 = y + y - 10. Let w(g) = -8*g**3 + 11*g**2 + 7*g - 14. Let o(k) = -7*k**3 + 10*k**2 + 7*k - 13. Let z(j) = -7*o(j) + 6*w(j). Give z(y).
-3
Suppose -w - 4 = 4*h, -4*h - 2*w - 8 = h. Let f(b) = b + 3. Let p be f(h). Let r(z) = 2*z + p*z + z + 6 - 4*z. Calculate r(-5).
-4
Suppose 3*o + 8 = -1. Let v(f) = 5*f - 3. Suppose -12 = -4*q + 2*g - 6*g, 3*q = 2*g + 9. Let u(i) = i. Let a(n) = q*u(n) - v(n). What is a(o)?
9
Let x(o) be the second derivative of o**6/360 + o**5/60 - o**4/4 + o. Let t(a) be the third derivative of x(a). Give t(-3).
-4
Let b(h) be the first derivative of 1 + h**2 - 1/4*h**4 - 3*h - 2/3*h**3. What is b(-3)?
0
Suppose 2*a = 4*a - 2*p - 2, p - 7 = -3*a. Suppose -4*h = 5*x - 4*x - 1, -x = 3*h - 1. Let g(t) = 4*t + h + 4 - 2 - 2*t. Determine g(a).
6
Let b(a) be the second derivative of a**5/24 + a**4/24 + 5*a**3/3 - 10*a. Let h(s) be the second derivative of b(s). Calculate h(1).
6
Let v(h) be the third derivative of -h**5/60 + h**4/4 - h**3/6 + 6*h**2. Determine v(5).
4
Let t(s) = -20*s - 3. Let b(x) = -2*x - 1. Let d(a) = -4*b(a) + t(a). Give d(-1).
13
Let x(v) = v**2 - v - 1. Let c(u) = -4*u**2 + 4*u + 5. Let z(s) = -c(s) - 5*x(s). Give z(2).
-2
Let a(y) = 8*y - 1. Let b(n) = n - 9. Let k be b(8). Calculate a(k).
-9
Suppose -5 - 11 = -4*l + 2*f, 0 = -l - 4*f - 14. Let y(r) = 0*r**3 + r**3 + 3*r**2 - 7*r**l - 2 + 0*r**3. Let i = 7 + -3. Deter